{"id":4,"date":"2016-04-06T19:39:45","date_gmt":"2016-04-06T17:39:45","guid":{"rendered":"http:\/\/neueseite.goldschmiede-lompe.de\/?page_id=4"},"modified":"2022-01-13T11:40:40","modified_gmt":"2022-01-13T10:40:40","slug":"ueber-uns","status":"publish","type":"page","link":"http:\/\/goldschmiede-lompe.de\/index.php\/ueber-uns\/","title":{"rendered":"\u00dcber uns"},"content":{"rendered":"<p style=\"text-align: justify;\"><span class=\"xr_tl xr_s4\">Die Geschichte&nbsp;der Goldschmiede Lompe beginnt am 2. Oktober 1933, mit der Firmengr\u00fcndung durch Fritz Lompe<\/span><span class=\"xr_tl xr_s4\">.&nbsp;<\/span><span class=\"xr_tl xr_s4\">Fritz war gelernter Graveur und besuchte bis 1933 die <\/span><span class=\"xr_tl xr_s4\">Kunstgewerbeschule in Erfurt, die er dann als <\/span><span class=\"xr_tl xr_s4\">Goldschmiedemeister beendete. Mit Ehefrau Anna f\u00fchrte Fritz Lompe die kleine Goldschmiede zun\u00e4chst in der Marktstra\u00dfe, sp\u00e4ter dann in der Langen Stra\u00dfe.&nbsp;<\/span><span class=\"xr_tl xr_s4\">Nur in den Jahren 1945 &#8211; 1946 blieb die Goldschmiede&nbsp;durch <\/span><span class=\"xr_tl xr_s4\">Kriegswirren und Kriegsgefangenschaft geschlossen. 1946 er\u00f6ffnete <\/span><span class=\"xr_tl xr_s4\">Anna Lompe das Gesch\u00e4ft&nbsp;mit dem Handel von <\/span><span class=\"xr_tl xr_s4\">T\u00f6pferwaren.&nbsp;<\/span><span class=\"xr_tl xr_s4\">1948, nach der R\u00fcckkehr von Fritz Lompe, begann in kleinen Schritten <\/span><span class=\"xr_tl xr_s4\">der Handel mit Schmuck, Bestecken&nbsp;und&nbsp;Geschenkartikeln wie <\/span><span class=\"xr_tl xr_s4\">Holzschnitzereien,&nbsp;Kristall und&nbsp;Porzellan.&nbsp;<\/span><span class=\"xr_tl xr_s4\">In der dazugeh\u00f6rigen Werkstatt wurde Schmuck angefertigt, <\/span><span class=\"xr_tl xr_s4\">umgearbeitet oder repariert.&nbsp;<\/span><\/p>\n<p style=\"text-align: justify;\"><span class=\"xr_tl xr_s4\">1971 \u00fcbernahm Goldschmiedemeister Peter Lompe mit Frau Ilona Lompe die Gesch\u00e4fte <\/span><span class=\"xr_tl xr_s4\">seines Vaters und feierte im Oktober 2021 sein 60-j\u00e4hriges <\/span><span class=\"xr_tl xr_s4\">Meisterjubil\u00e4um.&nbsp;<\/span><span class=\"xr_tl xr_s4\">Inzwischen wird die Goldschmiede Lompe in&nbsp;der 3. Generation <\/span><span class=\"xr_tl xr_s4\">gef\u00fchrt. Am 1.1.2004 \u00fcbernahm Tochter Katrin Ewald das Gesch\u00e4ft.&nbsp;<\/span><\/p>\n<p style=\"text-align: justify;\"><span class=\"xr_tl xr_s4\">Zu DDR-Zeiten war es oft schwierig, als &#8222;privater Handwerker&#8220; zu <\/span><span class=\"xr_tl xr_s4\">bestehen. Minimierte Goldzuteilung, wenig Handelsware, keine <\/span><span class=\"xr_tl xr_s4\">Ersatzteile und mehrere willk\u00fcrliche, und vom Staat festgelegte,&nbsp;<\/span><span class=\"xr_tl xr_s4\">Goldpreiserh\u00f6hungen erschwerten die Handelst\u00e4tigkeiten sehr.&nbsp;<\/span><span class=\"xr_tl xr_s4\">Eine neue Herausforderung kam mit der Wende. 1993 erfolgte ein <\/span><span class=\"xr_tl xr_s4\">umfangreicher Umbau des Gesch\u00e4fts- und Wohnhauses.&nbsp;<\/span><\/p>\n<p><a href=\"http:\/\/goldschmiede-lompe.de\/wp-content\/uploads\/2020\/01\/190819_GDH_04_347_web.jpg\"><img loading=\"lazy\" decoding=\"async\" class=\"aligncenter wp-image-3060 size-full\" src=\"http:\/\/goldschmiede-lompe.de\/wp-content\/uploads\/2020\/01\/190819_GDH_04_347_web.jpg\" alt=\"\" width=\"1200\" height=\"739\" srcset=\"http:\/\/goldschmiede-lompe.de\/wp-content\/uploads\/2020\/01\/190819_GDH_04_347_web.jpg 1200w, http:\/\/goldschmiede-lompe.de\/wp-content\/uploads\/2020\/01\/190819_GDH_04_347_web-300x185.jpg 300w, http:\/\/goldschmiede-lompe.de\/wp-content\/uploads\/2020\/01\/190819_GDH_04_347_web-1024x631.jpg 1024w, http:\/\/goldschmiede-lompe.de\/wp-content\/uploads\/2020\/01\/190819_GDH_04_347_web-768x473.jpg 768w\" sizes=\"auto, (max-width: 1200px) 100vw, 1200px\" \/><\/a><\/p>\n<p>&nbsp;<\/p>\n<p>&nbsp;<\/p>\n\n\n<figure class=\"wp-block-gallery columns-3 is-cropped wp-block-gallery-1 is-layout-flex wp-block-gallery-is-layout-flex\"><ul class=\"blocks-gallery-grid\"><li class=\"blocks-gallery-item\"><figure><img loading=\"lazy\" decoding=\"async\" width=\"530\" height=\"723\" src=\"http:\/\/goldschmiede-lompe.de\/wp-content\/uploads\/2016\/04\/historie1.jpg\" alt=\"\" data-id=\"178\" data-full-url=\"http:\/\/goldschmiede-lompe.de\/wp-content\/uploads\/2016\/04\/historie1.jpg\" data-link=\"http:\/\/goldschmiede-lompe.de\/historie1\/\" class=\"wp-image-178\" srcset=\"http:\/\/goldschmiede-lompe.de\/wp-content\/uploads\/2016\/04\/historie1.jpg 530w, http:\/\/goldschmiede-lompe.de\/wp-content\/uploads\/2016\/04\/historie1-220x300.jpg 220w\" sizes=\"auto, (max-width: 530px) 100vw, 530px\" \/><\/figure><\/li><li class=\"blocks-gallery-item\"><figure><img loading=\"lazy\" decoding=\"async\" width=\"530\" height=\"376\" src=\"http:\/\/goldschmiede-lompe.de\/wp-content\/uploads\/2016\/04\/historie2.jpg\" alt=\"\" data-id=\"179\" data-full-url=\"http:\/\/goldschmiede-lompe.de\/wp-content\/uploads\/2016\/04\/historie2.jpg\" data-link=\"http:\/\/goldschmiede-lompe.de\/historie2\/\" class=\"wp-image-179\" srcset=\"http:\/\/goldschmiede-lompe.de\/wp-content\/uploads\/2016\/04\/historie2.jpg 530w, http:\/\/goldschmiede-lompe.de\/wp-content\/uploads\/2016\/04\/historie2-300x213.jpg 300w\" sizes=\"auto, (max-width: 530px) 100vw, 530px\" \/><\/figure><\/li><li class=\"blocks-gallery-item\"><figure><img loading=\"lazy\" decoding=\"async\" width=\"528\" height=\"354\" src=\"http:\/\/goldschmiede-lompe.de\/wp-content\/uploads\/2016\/04\/historie3.jpg\" alt=\"\" data-id=\"180\" data-full-url=\"http:\/\/goldschmiede-lompe.de\/wp-content\/uploads\/2016\/04\/historie3.jpg\" data-link=\"http:\/\/goldschmiede-lompe.de\/historie3\/\" class=\"wp-image-180\" srcset=\"http:\/\/goldschmiede-lompe.de\/wp-content\/uploads\/2016\/04\/historie3.jpg 528w, http:\/\/goldschmiede-lompe.de\/wp-content\/uploads\/2016\/04\/historie3-300x201.jpg 300w\" sizes=\"auto, (max-width: 528px) 100vw, 528px\" \/><\/figure><\/li><li class=\"blocks-gallery-item\"><figure><img loading=\"lazy\" decoding=\"async\" width=\"1024\" height=\"694\" src=\"http:\/\/goldschmiede-lompe.de\/wp-content\/uploads\/2019\/09\/DJI_0753-2-1024x694.jpg\" alt=\"\" data-id=\"3019\" data-full-url=\"http:\/\/goldschmiede-lompe.de\/wp-content\/uploads\/2019\/09\/DJI_0753-2.jpg\" data-link=\"http:\/\/goldschmiede-lompe.de\/index.php\/ueber-uns\/dji_0753-2\/#main\" class=\"wp-image-3019\" srcset=\"http:\/\/goldschmiede-lompe.de\/wp-content\/uploads\/2019\/09\/DJI_0753-2-1024x694.jpg 1024w, http:\/\/goldschmiede-lompe.de\/wp-content\/uploads\/2019\/09\/DJI_0753-2-300x203.jpg 300w, http:\/\/goldschmiede-lompe.de\/wp-content\/uploads\/2019\/09\/DJI_0753-2-768x520.jpg 768w\" sizes=\"auto, (max-width: 1024px) 100vw, 1024px\" \/><\/figure><\/li><li class=\"blocks-gallery-item\"><figure><img loading=\"lazy\" decoding=\"async\" width=\"531\" height=\"619\" src=\"http:\/\/goldschmiede-lompe.de\/wp-content\/uploads\/2016\/04\/opawerkstatt.jpg\" alt=\"\" data-id=\"177\" data-full-url=\"http:\/\/goldschmiede-lompe.de\/wp-content\/uploads\/2016\/04\/opawerkstatt.jpg\" data-link=\"http:\/\/goldschmiede-lompe.de\/opawerkstatt\/\" class=\"wp-image-177\" srcset=\"http:\/\/goldschmiede-lompe.de\/wp-content\/uploads\/2016\/04\/opawerkstatt.jpg 531w, http:\/\/goldschmiede-lompe.de\/wp-content\/uploads\/2016\/04\/opawerkstatt-257x300.jpg 257w\" sizes=\"auto, (max-width: 531px) 100vw, 531px\" \/><\/figure><\/li><li class=\"blocks-gallery-item\"><figure><img loading=\"lazy\" decoding=\"async\" width=\"530\" height=\"356\" src=\"http:\/\/goldschmiede-lompe.de\/wp-content\/uploads\/2016\/04\/muttischaufenster.jpg\" alt=\"\" data-id=\"176\" data-full-url=\"http:\/\/goldschmiede-lompe.de\/wp-content\/uploads\/2016\/04\/muttischaufenster.jpg\" data-link=\"http:\/\/goldschmiede-lompe.de\/muttischaufenster\/\" class=\"wp-image-176\" srcset=\"http:\/\/goldschmiede-lompe.de\/wp-content\/uploads\/2016\/04\/muttischaufenster.jpg 530w, http:\/\/goldschmiede-lompe.de\/wp-content\/uploads\/2016\/04\/muttischaufenster-300x202.jpg 300w\" sizes=\"auto, (max-width: 530px) 100vw, 530px\" \/><\/figure><\/li><li class=\"blocks-gallery-item\"><figure><img loading=\"lazy\" decoding=\"async\" width=\"1024\" height=\"618\" src=\"http:\/\/goldschmiede-lompe.de\/wp-content\/uploads\/2019\/09\/Team-Laden-Vers2-1024x618.jpg\" alt=\"\" data-id=\"3013\" data-full-url=\"http:\/\/goldschmiede-lompe.de\/wp-content\/uploads\/2019\/09\/Team-Laden-Vers2.jpg\" data-link=\"http:\/\/goldschmiede-lompe.de\/team-geschaeft-vers2\/\" class=\"wp-image-3013\" srcset=\"http:\/\/goldschmiede-lompe.de\/wp-content\/uploads\/2019\/09\/Team-Laden-Vers2.jpg 1024w, http:\/\/goldschmiede-lompe.de\/wp-content\/uploads\/2019\/09\/Team-Laden-Vers2-300x181.jpg 300w, http:\/\/goldschmiede-lompe.de\/wp-content\/uploads\/2019\/09\/Team-Laden-Vers2-768x464.jpg 768w\" sizes=\"auto, (max-width: 1024px) 100vw, 1024px\" \/><\/figure><\/li><li class=\"blocks-gallery-item\"><figure><img loading=\"lazy\" decoding=\"async\" width=\"1024\" height=\"683\" src=\"http:\/\/goldschmiede-lompe.de\/wp-content\/uploads\/2020\/01\/190819_GDH_04_325_web-1024x683.jpg\" alt=\"\" data-id=\"3061\" data-full-url=\"http:\/\/goldschmiede-lompe.de\/wp-content\/uploads\/2020\/01\/190819_GDH_04_325_web.jpg\" data-link=\"http:\/\/goldschmiede-lompe.de\/index.php\/ueber-uns\/190819_gdh_04_325_web\/#main\" class=\"wp-image-3061\" srcset=\"http:\/\/goldschmiede-lompe.de\/wp-content\/uploads\/2020\/01\/190819_GDH_04_325_web-1024x683.jpg 1024w, http:\/\/goldschmiede-lompe.de\/wp-content\/uploads\/2020\/01\/190819_GDH_04_325_web-300x200.jpg 300w, http:\/\/goldschmiede-lompe.de\/wp-content\/uploads\/2020\/01\/190819_GDH_04_325_web-768x512.jpg 768w, http:\/\/goldschmiede-lompe.de\/wp-content\/uploads\/2020\/01\/190819_GDH_04_325_web.jpg 1200w\" sizes=\"auto, (max-width: 1024px) 100vw, 1024px\" \/><\/figure><\/li><li class=\"blocks-gallery-item\"><figure><img loading=\"lazy\" decoding=\"async\" width=\"462\" height=\"243\" src=\"http:\/\/goldschmiede-lompe.de\/wp-content\/uploads\/2019\/02\/D0R0032019349-e1551369053995.jpg\" alt=\"\" data-id=\"2920\" data-full-url=\"http:\/\/goldschmiede-lompe.de\/wp-content\/uploads\/2019\/02\/D0R0032019349-e1551369053995.jpg\" data-link=\"http:\/\/goldschmiede-lompe.de\/index.php\/startseite\/d0r0032019349\/#main\" class=\"wp-image-2920\" srcset=\"http:\/\/goldschmiede-lompe.de\/wp-content\/uploads\/2019\/02\/D0R0032019349-e1551369053995.jpg 462w, http:\/\/goldschmiede-lompe.de\/wp-content\/uploads\/2019\/02\/D0R0032019349-e1551369053995-300x158.jpg 300w\" sizes=\"auto, (max-width: 462px) 100vw, 462px\" \/><figcaption class=\"blocks-gallery-item__caption\"> <a rel=\"noreferrer noopener\" href=\"https:\/\/www.thueringer-allgemeine.de\/web\/zgt\/suche\/detail\/-\/specific\/Frischer-Wind-in-Soemmerdaer-Goldschmiede-Werkstatt-1356552547\" target=\"_blank\">https:\/\/www.thueringer-allgemeine.de\/web\/zgt\/suche\/detail\/-\/specific\/Frischer-Wind-in-Soemmerdaer-Goldschmiede-Werkstatt-1356552547<\/a><br> &nbsp; <\/figcaption><\/figure><\/li><\/ul><\/figure>\n","protected":false},"excerpt":{"rendered":"<p>Die Geschichte&nbsp;der Goldschmiede Lompe beginnt am 2. Oktober 1933, mit der Firmengr\u00fcndung durch Fritz Lompe.&nbsp;Fritz war gelernter Graveur und besuchte bis 1933 die Kunstgewerbeschule in Erfurt, die er dann als Goldschmiedemeister beendete. Mit Ehefrau Anna <a class=\"more-link\" href=\"http:\/\/goldschmiede-lompe.de\/index.php\/ueber-uns\/\">weiterlesen&#8230;<\/a><\/p>\n","protected":false},"author":1,"featured_media":3013,"parent":0,"menu_order":0,"comment_status":"closed","ping_status":"closed","template":"","meta":{"ngg_post_thumbnail":0,"footnotes":""},"class_list":["post-4","page","type-page","status-publish","has-post-thumbnail","hentry"],"_links":{"self":[{"href":"http:\/\/goldschmiede-lompe.de\/index.php\/wp-json\/wp\/v2\/pages\/4","targetHints":{"allow":["GET"]}}],"collection":[{"href":"http:\/\/goldschmiede-lompe.de\/index.php\/wp-json\/wp\/v2\/pages"}],"about":[{"href":"http:\/\/goldschmiede-lompe.de\/index.php\/wp-json\/wp\/v2\/types\/page"}],"author":[{"embeddable":true,"href":"http:\/\/goldschmiede-lompe.de\/index.php\/wp-json\/wp\/v2\/users\/1"}],"replies":[{"embeddable":true,"href":"http:\/\/goldschmiede-lompe.de\/index.php\/wp-json\/wp\/v2\/comments?post=4"}],"version-history":[{"count":30,"href":"http:\/\/goldschmiede-lompe.de\/index.php\/wp-json\/wp\/v2\/pages\/4\/revisions"}],"predecessor-version":[{"id":3343,"href":"http:\/\/goldschmiede-lompe.de\/index.php\/wp-json\/wp\/v2\/pages\/4\/revisions\/3343"}],"wp:featuredmedia":[{"embeddable":true,"href":"http:\/\/goldschmiede-lompe.de\/index.php\/wp-json\/wp\/v2\/media\/3013"}],"wp:attachment":[{"href":"http:\/\/goldschmiede-lompe.de\/index.php\/wp-json\/wp\/v2\/media?parent=4"}],"curies":[{"name":"wp","href":"https:\/\/api.w.org\/{rel}","templated":true}]}}